{"id":292,"date":"2026-01-25T16:39:09","date_gmt":"2026-01-25T16:39:09","guid":{"rendered":"https:\/\/elektrik365.ee\/about\/"},"modified":"2026-03-12T17:33:58","modified_gmt":"2026-03-12T17:33:58","slug":"about","status":"publish","type":"page","link":"https:\/\/elektrik365.ee\/?page_id=292","title":{"rendered":"About"},"content":{"rendered":"\n<div class=\"wp-block-uagb-container uagb-block-1e5d1737 alignfull uagb-is-root-container\"><div class=\"uagb-container-inner-blocks-wrap\">\n<div class=\"wp-block-uagb-advanced-heading uagb-block-fefbb553\"><p class=\"uagb-desc-text\">Meist<\/p><h1 class=\"uagb-heading-text\">Tere tulemast Elektrik365 O\u00dc maailma!<\/h1><\/div>\n<\/div><\/div>\n\n\n\n<div class=\"wp-block-uagb-container uagb-block-da6f24cd alignfull uagb-is-root-container\"><div class=\"uagb-container-inner-blocks-wrap\">\n<div class=\"wp-block-uagb-advanced-heading uagb-block-c8330bd6\"><p class=\"uagb-desc-text\">Kes me oleme<\/p><h2 class=\"uagb-heading-text\">Professionaalsed elektrit\u00f6\u00f6de teenused Teie vajadustele<\/h2><\/div>\n\n\n\n<div class=\"wp-block-uagb-container uagb-block-29c74af9\">\n<div class=\"wp-block-uagb-advanced-heading uagb-block-23c95072\"><h3 class=\"uagb-heading-text\">Teie elektrit\u00f6\u00f6d, meie prioriteet!<\/h3><\/div>\n\n\n\n<div class=\"wp-block-uagb-advanced-heading uagb-block-af8e0f11\"><p class=\"uagb-heading-text\"><strong>Elektrik365 O\u00dc<\/strong> on Teie usaldusv\u00e4\u00e4rne koost\u00f6\u00f6partner elektrivaldkonnas, pakume kiireid, asjatundlikke ja kvaliteetseid teenuseid Teie uue kodu elektripaigaldise ehitamisel v\u00f5i juba vananenud elektris\u00fcsteemide renoveerimisel. Peame v\u00e4ga oluliseks kliendile parima lahenduse leidmist ning t\u00f6\u00f6 k\u00f5rget kvaliteeti ja n\u00f5uetele vastavust.<br>Peamiselt teostame t\u00f6id Viljandis ja Viljandimaal, kokkuleppel ka mujal Eestis.<br><br><\/p><\/div>\n<\/div>\n\n\n\n<div class=\"wp-block-uagb-container uagb-block-5e699a60\">\n<figure class=\"wp-block-image size-large is-resized\"><img loading=\"lazy\" decoding=\"async\" width=\"768\" height=\"1024\" src=\"https:\/\/elektrik365.ee\/wp-content\/uploads\/2026\/03\/IMG_4327-1-768x1024.jpeg\" alt=\"img 4327\" class=\"wp-image-1138\" style=\"aspect-ratio:0.7500082877507045;object-fit:cover;width:600px\" title=\"About\" srcset=\"https:\/\/elektrik365.ee\/wp-content\/uploads\/2026\/03\/IMG_4327-1-768x1024.jpeg 768w, https:\/\/elektrik365.ee\/wp-content\/uploads\/2026\/03\/IMG_4327-1-225x300.jpeg 225w, https:\/\/elektrik365.ee\/wp-content\/uploads\/2026\/03\/IMG_4327-1-1152x1536.jpeg 1152w, https:\/\/elektrik365.ee\/wp-content\/uploads\/2026\/03\/IMG_4327-1-rotated.jpeg 1500w\" sizes=\"auto, (max-width: 768px) 100vw, 768px\" \/><\/figure>\n\n\n\n<div class=\"wp-block-group is-nowrap is-layout-flex wp-container-core-group-is-layout-6c531013 wp-block-group-is-layout-flex\">\n<div class=\"wp-block-columns are-vertically-aligned-center is-layout-flex wp-container-core-columns-is-layout-28f84493 wp-block-columns-is-layout-flex\">\n<div class=\"wp-block-column is-vertically-aligned-center is-layout-flow wp-block-column-is-layout-flow\" style=\"flex-basis:100%\">\n<figure class=\"wp-block-image size-large is-resized\"><img loading=\"lazy\" decoding=\"async\" width=\"768\" height=\"1024\" src=\"https:\/\/elektrik365.ee\/wp-content\/uploads\/2026\/03\/IMG_4328-1-768x1024.jpeg\" alt=\"img 4328\" class=\"wp-image-1139\" style=\"width:600px\" title=\"About\" srcset=\"https:\/\/elektrik365.ee\/wp-content\/uploads\/2026\/03\/IMG_4328-1-768x1024.jpeg 768w, https:\/\/elektrik365.ee\/wp-content\/uploads\/2026\/03\/IMG_4328-1-225x300.jpeg 225w, https:\/\/elektrik365.ee\/wp-content\/uploads\/2026\/03\/IMG_4328-1-1152x1536.jpeg 1152w, https:\/\/elektrik365.ee\/wp-content\/uploads\/2026\/03\/IMG_4328-1-rotated.jpeg 1500w\" sizes=\"auto, (max-width: 768px) 100vw, 768px\" \/><\/figure>\n<\/div>\n<\/div>\n<\/div>\n<\/div>\n<\/div><\/div>\n\n\n\n<div class=\"wp-block-uagb-container uagb-block-06d9ef36 alignfull uagb-is-root-container\"><div class=\"uagb-container-inner-blocks-wrap\">\n<div class=\"wp-block-group is-nowrap is-layout-flex wp-container-core-group-is-layout-6c531013 wp-block-group-is-layout-flex\">\n<div class=\"wp-block-uagb-container uagb-block-096ff3fd\">\n<div class=\"wp-block-uagb-advanced-heading uagb-block-975cf9dc\"><h3 class=\"uagb-heading-text\">P\u00fchendumusega tehtud \u00fchendused<\/h3><p class=\"uagb-desc-text\">Meie missioon on pakkuda kvaliteetseid ja usaldusv\u00e4\u00e4rseid elektrit\u00f6\u00f6de teenuseid, mis tagavad klientidele rahulolu ja ohutu elektriseadmete kasutamise<\/p><div class=\"uagb-separator\"><\/div><\/div>\n\n\n\n<div class=\"wp-block-columns is-layout-flex wp-container-core-columns-is-layout-28f84493 wp-block-columns-is-layout-flex\">\n<div class=\"wp-block-column is-layout-flow wp-block-column-is-layout-flow\"><\/div>\n<\/div>\n<\/div>\n\n\n\n<figure class=\"wp-block-image size-large\"><img loading=\"lazy\" decoding=\"async\" width=\"1024\" height=\"768\" src=\"https:\/\/elektrik365.ee\/wp-content\/uploads\/2026\/03\/IMG_4732-1-1024x768.jpeg\" alt=\"img 4732\" class=\"wp-image-1143\" title=\"About\" srcset=\"https:\/\/elektrik365.ee\/wp-content\/uploads\/2026\/03\/IMG_4732-1-1024x768.jpeg 1024w, https:\/\/elektrik365.ee\/wp-content\/uploads\/2026\/03\/IMG_4732-1-300x225.jpeg 300w, https:\/\/elektrik365.ee\/wp-content\/uploads\/2026\/03\/IMG_4732-1-768x576.jpeg 768w, https:\/\/elektrik365.ee\/wp-content\/uploads\/2026\/03\/IMG_4732-1-1536x1152.jpeg 1536w, https:\/\/elektrik365.ee\/wp-content\/uploads\/2026\/03\/IMG_4732-1.jpeg 2000w\" sizes=\"auto, (max-width: 1024px) 100vw, 1024px\" \/><\/figure>\n<\/div>\n<\/div><\/div>\n\n\n\n<div class=\"wp-block-uagb-container uagb-block-2e144a4a alignfull uagb-is-root-container\"><div class=\"uagb-container-inner-blocks-wrap\">\n<div class=\"wp-block-uagb-info-box uagb-block-d62177b8 uagb-infobox__content-wrap  uagb-infobox-icon-above-title uagb-infobox-image-valign-top\"><div class=\"uagb-ifb-content\"><div class=\"uagb-ifb-title-wrap\"><h2 class=\"uagb-ifb-title\">Asjatundlikud lahendused Teie elektrimuredele \u00fchelt ettev\u00f5ttelt!<\/h2><\/div><div class=\"uagb-ifb-button-wrapper wp-block-button\"><a href=\"\/contact\/\" class=\"uagb-infobox-cta-link wp-block-button__link\" target=\"_self\" rel=\"noopener noreferrer\" onclick=\"return true;\"><span class=\"uagb-inline-editing\">V\u00f5ta meiega \u00fchendust<\/span><\/a><\/div><\/div><\/div>\n<\/div><\/div>\n","protected":false},"excerpt":{"rendered":"<p>Meist Tere tulemast Elektrik365 O\u00dc maailma! Kes me oleme Professionaalsed elektrit\u00f6\u00f6de teenused Teie vajadustele Teie elektrit\u00f6\u00f6d, meie prioriteet! Elektrik365 O\u00dc [&hellip;]<\/p>\n","protected":false},"author":1,"featured_media":0,"parent":0,"menu_order":0,"comment_status":"closed","ping_status":"closed","template":"","meta":{"_uag_custom_page_level_css":"","site-sidebar-layout":"default","site-content-layout":"","ast-site-content-layout":"default","site-content-style":"default","site-sidebar-style":"default","ast-global-header-display":"","ast-banner-title-visibility":"","ast-main-header-display":"","ast-hfb-above-header-display":"","ast-hfb-below-header-display":"","ast-hfb-mobile-header-display":"","site-post-title":"disabled","ast-breadcrumbs-content":"","ast-featured-img":"","footer-sml-layout":"","ast-disable-related-posts":"","theme-transparent-header-meta":"","adv-header-id-meta":"","stick-header-meta":"","header-above-stick-meta":"","header-main-stick-meta":"","header-below-stick-meta":"","astra-migrate-meta-layouts":"default","ast-page-background-enabled":"default","ast-page-background-meta":{"desktop":{"background-color":"var(--ast-global-color-4)","background-image":"","background-repeat":"repeat","background-position":"center center","background-size":"auto","background-attachment":"scroll","background-type":"","background-media":"","overlay-type":"","overlay-color":"","overlay-opacity":"","overlay-gradient":""},"tablet":{"background-color":"","background-image":"","background-repeat":"repeat","background-position":"center center","background-size":"auto","background-attachment":"scroll","background-type":"","background-media":"","overlay-type":"","overlay-color":"","overlay-opacity":"","overlay-gradient":""},"mobile":{"background-color":"","background-image":"","background-repeat":"repeat","background-position":"center center","background-size":"auto","background-attachment":"scroll","background-type":"","background-media":"","overlay-type":"","overlay-color":"","overlay-opacity":"","overlay-gradient":""}},"ast-content-background-meta":{"desktop":{"background-color":"var(--ast-global-color-5)","background-image":"","background-repeat":"repeat","background-position":"center center","background-size":"auto","background-attachment":"scroll","background-type":"","background-media":"","overlay-type":"","overlay-color":"","overlay-opacity":"","overlay-gradient":""},"tablet":{"background-color":"var(--ast-global-color-5)","background-image":"","background-repeat":"repeat","background-position":"center center","background-size":"auto","background-attachment":"scroll","background-type":"","background-media":"","overlay-type":"","overlay-color":"","overlay-opacity":"","overlay-gradient":""},"mobile":{"background-color":"var(--ast-global-color-5)","background-image":"","background-repeat":"repeat","background-position":"center center","background-size":"auto","background-attachment":"scroll","background-type":"","background-media":"","overlay-type":"","overlay-color":"","overlay-opacity":"","overlay-gradient":""}},"footnotes":""},"class_list":["post-292","page","type-page","status-publish","hentry"],"uagb_featured_image_src":{"full":false,"thumbnail":false,"medium":false,"medium_large":false,"large":false,"1536x1536":false,"2048x2048":false},"uagb_author_info":{"display_name":"elektrik365.ee","author_link":"https:\/\/elektrik365.ee\/?author=1"},"uagb_comment_info":0,"uagb_excerpt":"Meist Tere tulemast Elektrik365 O\u00dc maailma! Kes me oleme Professionaalsed elektrit\u00f6\u00f6de teenused Teie vajadustele Teie elektrit\u00f6\u00f6d, meie prioriteet! Elektrik365 O\u00dc [&hellip;]","_links":{"self":[{"href":"https:\/\/elektrik365.ee\/index.php?rest_route=\/wp\/v2\/pages\/292","targetHints":{"allow":["GET"]}}],"collection":[{"href":"https:\/\/elektrik365.ee\/index.php?rest_route=\/wp\/v2\/pages"}],"about":[{"href":"https:\/\/elektrik365.ee\/index.php?rest_route=\/wp\/v2\/types\/page"}],"author":[{"embeddable":true,"href":"https:\/\/elektrik365.ee\/index.php?rest_route=\/wp\/v2\/users\/1"}],"replies":[{"embeddable":true,"href":"https:\/\/elektrik365.ee\/index.php?rest_route=%2Fwp%2Fv2%2Fcomments&post=292"}],"version-history":[{"count":5,"href":"https:\/\/elektrik365.ee\/index.php?rest_route=\/wp\/v2\/pages\/292\/revisions"}],"predecessor-version":[{"id":1144,"href":"https:\/\/elektrik365.ee\/index.php?rest_route=\/wp\/v2\/pages\/292\/revisions\/1144"}],"wp:attachment":[{"href":"https:\/\/elektrik365.ee\/index.php?rest_route=%2Fwp%2Fv2%2Fmedia&parent=292"}],"curies":[{"name":"wp","href":"https:\/\/api.w.org\/{rel}","templated":true}]}}